5*g = -15. Let k be (82/(-574))/(2/(-98)) - 68/(-4). Calculate the highest common divisor of b and k.
8
Let q(r) = 43*r**2 + 965*r - 38. Let v be q(-37). Calculate the greatest common divisor of v and 164.
164
Suppose 166*s - 145 - 1681 = 0. Calculate the highest common factor of s and 2827.
11
Suppose -4*q + 2325 = q. Let y(b) = -2*b**3 - 159*b**2 - 77*b + 173. Let o be y(-79). Calculate the highest common factor of q and o.
15
Suppose 3*h - 5*x - 3588 = 0, -x = -4*h - 1296 + 6012. Let g be ((-3)/4)/(2/(-112)). What is the greatest common factor of h and g?
42
Let l be (10/(-3))/(12/18). Let w be (-7)/21 - l/(-3). Let o be (1 - 28)/(-1) - w. Calculate the highest common factor of o and 203.
29
Let v(s) = 14*s - 38. Let d be v(22). Let l = -559 - -589. Calculate the greatest common factor of d and l.
30
Let f(z) = -7*z**3 + 5*z**2 - 8*z - 14. Let x be f(-4). Suppose 14*b - x = 70. Calculate the greatest common divisor of b and 242.
22
Suppose 0 = -4*w + 5*p + 55, 513*p = -3*w + 509*p + 18. What is the greatest common factor of w and 405?
5
Suppose 19*m = 20*m - 80. Suppose -m = -o + 33. Calculate the greatest common factor of 1921 and o.
113
Let h(j) = j**2 - 7*j + 9. Let n = -4 - -10. Let b be h(n). Suppose 2*u + 15*c = 19*c + 32, 0 = -3*u + 3*c + 30. What is the highest common divisor of b and u?
1
Let c(w) = -w**3 - 4*w**2 + 14*w + 9. Let u be c(-6). Let x be 120/90 + (-8)/u. Calculate the greatest common divisor of x and 30.
2
Let i(q) = -q**3 - 23*q**2 - 62*q - 63. Let r be i(-20). Suppose -2*a = -5*a + 81. Let b = a + r. Calculate the greatest common factor of 6 and b.
2
Let d(o) = o**2 + o - 34. Suppose -49 = 54*p + 545. Let l be d(p). What is the greatest common divisor of 4 and l?
4
Let d(i) = i**2 - 5*i - 2. Let v be d(-3). Suppose v*r = 25*r - 63. Suppose r = b + 4*m, 0 = -m + 1 + 2. What is the highest common divisor of b and 36?
9
Let m be 93*-7*816/(-63). Calculate the greatest common divisor of m and 620.
124
Suppose -3*k + 0*k = -4*a + 192, -a + 2*k + 53 = 0. Let c be (64/6 + -4)*a. Suppose -64*o = -58*o - c. What is the highest common factor of 25 and o?
25
Suppose 280*h + 3268 = 597*h - 231*h. What is the greatest common divisor of h and 323?
19
Let o be (264/(-72))/((-1)/7)*9. Let t = -83 + 160. Calculate the highest common divisor of t and o.
77
Suppose -u + c + 131 = 0, -2*u = c + 71 - 324. What is the highest common divisor of 152 and u?
8
Let c(d) = d**3 + 17*d**2 + 17*d + 41. Let m be c(-12). Let y = m + -540. What is the highest common divisor of 187 and y?
17
Let a(c) = -2*c**2 - c - 2. Suppose 0*i + 3*i = -0*i. Let x be a(i). Let s be x + 48 + (0 - 4). What is the greatest common divisor of 42 and s?
42
Let s be ((-592 - 2)/(-3))/(-15 + (-23231)/(-1547)). What is the highest common factor of 21 and s?
21
Let v = -126 - -138. Suppose -2706 - 102 = -v*w. What is the greatest common factor of 26 and w?
26
Let i(y) = -2*y**3 - 2*y**2 - 1. Let m be i(-2). Let h = 36 + m. Calculate the greatest common factor of 43 and h.
43
Suppose 13 = c - 3*x - 16, -83 = -3*c + 5*x. What is the highest common factor of c and 4966?
26
Let z be (-110)/4*(-24)/60. Suppose -z*h + 5*h - 756 = 0. Let w = h - -154. What is the highest common divisor of w and 7?
7
Suppose 2*g = -8, -38 - 12 = -2*i + g. Suppose 5*c + 4*x = 82, -2*c = 2*x + 3*x - 43. Suppose 1035 = -c*o + 19*o. What is the greatest common factor of o and i?
23
Suppose -4*n + 4*c + 808 = 204, 3*n - 5*c = 451. What is the greatest common divisor of n and 128?
8
Suppose 10*y = -8*y + 504. Suppose y*r + 1 = 57. Calculate the highest common divisor of r and 5.
1
Let w be 5 - (-3 + 365 - -1)*-1. Let g = w + -328. Calculate the highest common divisor of g and 32.
8
Let r(v) = -2*v**3 - 33*v**2 + 11*v - 273. Let u be r(-18). Calculate the greatest common divisor of u and 4175.
167
Suppose o = -n + 63 + 39, 0 = -n + 2. Suppose 2*f + 4*b = 56, 2*b - 7*b + 60 = 2*f. Calculate the greatest common factor of o and f.
20
Let p be (10/(-1))/(-2 + 0). Suppose 3*z = -4*t + 125, -303*t - 3*z - 155 = -307*t. What is the highest common divisor of p and t?
5
Suppose 4399 = 64*b - 3601. Suppose 37 = 2*t + 2*k - b, 2*k - 239 = -3*t. Calculate the greatest common factor of 35 and t.
7
Suppose 274*z + 240*z - 29298 = 0. What is the greatest common factor of 54606 and z?
57
Let r = 369 - 342. Calculate the highest common divisor of r and 729.
27
Let i be 4/((-8)/(-32)*-1). Let b be ((-4)/(i/8))/((-4)/(-98)). What is the highest common divisor of b and 49?
49
Let i = 8908 - 8877. Calculate the greatest common divisor of i and 7719.
31
Let u(c) = 29*c**2 - 76*c - 75. Let y be u(-1). Calculate the highest common divisor of 915 and y.
15
Let k = -5719 + 5743. Calculate the greatest common divisor of 576 and k.
24
Suppose -784 = -2*s + 3*q, -5*s + 334*q + 1981 = 337*q. What is the highest common divisor of s and 10?
5
Suppose 21*c = -14 + 98. Let w be (8/24)/(c/180). Calculate the highest common divisor of w and 75.
15
Let l = -66 + 164. Let q = -8157 - -8159. What is the highest common divisor of l and q?
2
Let x be ((-14)/(-8) - 0) + 46917/52 + -7. What is the greatest common divisor of 13 and x?
13
Let r be (8 - (-228)/(-24)) + 129/(-6)*-3. Calculate the greatest common factor of 1638 and r.
63
Let h = -175 + 215. Let d be (-65)/(-2)*h/50. Calculate the highest common factor of 39 and d.
13
Let d = -113 + -49. Let k be ((-13)/(-78)*6)/((-1)/d). What is the greatest common factor of 216 and k?
54
Let a(y) = -15*y**2 - 8*y - 8. Let c(d) = -14*d**2 - 7*d - 9. Let r(u) = 3*a(u) - 4*c(u). Let i be r(6). What is the highest common factor of 54 and i?
54
Let b be (1/(-2) - (-345)/552) + 82341/24. Calculate the greatest common factor of b and 73.
73
Let x = -79 + 79. Suppose x = 5*g - 2*r - 126, -20 = -g + r + 2*r. Let c = -9 + g. What is the greatest common factor of 34 and c?
17
Let i(j) = -j**3 - 4*j**2 + 2*j - 11. Let r be i(-5). Suppose -4*w - 266 = -2*l, -90 = -3*l - r*w + 359. What is the highest common factor of 13 and l?
13
Let j be (-1 - (-4 - -5))*(-46 - 0). Let x(d) = 8*d**2 - 3*d - 17. Let w be x(3). What is the highest common divisor of w and j?
46
Suppose -2*p + 3*u + 254 + 127 = 0, 0 = -p - u + 183. Let b = p + -161. Calculate the highest common factor of b and 275.
25
Suppose -3*d - 3*m + 21 = 0, 0 = 3*d + m + m - 16. Let x(g) = -g + 22. Let a be x(10). Let r be 8 + -8 + a/3. Calculate the greatest common divisor of d and r.
2
Suppose -8*i + 7*i = 1. Let c be (-7)/((-147)/(-48)) - (-4)/14. Let r be (3 + c/1)/(i/(-18)). What is the greatest common factor of r and 6?
6
Let c = 16 + 743. What is the highest common factor of c and 99?
33
Let b(l) = -729*l - 712. Let j be b(-1). What is the highest common divisor of j and 4828?
17
Let r(b) = -7*b + 9 + 2*b - 68 + 2*b + 7*b. Let t be r(44). Let c = -26 + 39. What is the greatest common factor of t and c?
13
Let f(i) = i**3 - 21*i**2 + 22*i + 481. Let n be f(19). Calculate the highest common factor of n and 1534.
59
Let s be 3*(5 - (-22)/(-6)). Let c(h) = h**3 - 3*h**2 + 2*h - 17. Let t be c(s). What is the greatest common factor of t and 63?
7
Let p(d) = 116*d**2 + 3*d + 3. Let t be p(-1). Let h = -86 + t. Suppose 11*r - 97 = 233. What is the highest common divisor of h and r?
30
Let k be (-1 + (-33)/(-15))*(-630)/(-12). Let p be (-9)/k + (-1178)/(-14). Let g be ((-5)/2 + 3)*28. Calculate the highest common factor of p and g.
14
Let w(v) = -2*v**2 - 28*v + 4. Let d be w(-14). Let p = 29 + -30. Let a be (3 - p)*(-3 + 5). Calculate the greatest common factor of a and d.
4
Suppose 2*y = -5*b + 7624, -16*b + 17*b - 4*y - 1538 = 0. What is the greatest common divisor of b and 28?
14
Let f = -511 - -306. Let a = f - -229. Calculate the greatest common factor of a and 96.
24
Let t be 1984/6 - (-312)/234. Suppose 2*a + 3*p = 67 + t, 3*a + 4*p - 596 = 0. Calculate the highest common divisor of a and 256.
64
Suppose 9212 = -59*k + 87*k. Let l be (-4 + k/42)*18. What is the greatest common divisor of 1173 and l?
69
Suppose -153 = 6*p - 3*p. Let w = p - -48. Let z be ((-92)/(-6))/((-7)/w + -2). What is the greatest common factor of 115 and z?
23
Suppose 5*t - 23*t - 36 = 0. Let f be (70/(-140))/(t/52*1). What is the highest common factor of 52 and f?
13
Let n be 